{"id":13,"date":"2023-03-13T13:28:27","date_gmt":"2023-03-13T13:28:27","guid":{"rendered":"https:\/\/company-express.com\/ce\/?page_id=13"},"modified":"2023-06-09T12:50:41","modified_gmt":"2023-06-09T12:50:41","slug":"lithuania","status":"publish","type":"page","link":"https:\/\/com-exp.com\/index.php\/lithuania\/","title":{"rendered":"Lithuania"},"content":{"rendered":"\n<div class=\"wp-block-cover alignfull is-light has-custom-content-position is-position-top-center\" style=\"min-height:165px;aspect-ratio:unset;\"><span aria-hidden=\"true\" class=\"wp-block-cover__background has-background-dim-30 has-background-dim\"><\/span><img loading=\"lazy\" decoding=\"async\" width=\"1000\" height=\"600\" class=\"wp-block-cover__image-background wp-image-202\" alt=\"\" src=\"https:\/\/company-express.com\/ce\/wp-content\/uploads\/2023\/03\/1000x600_21_a53204f09cc8255083a4cfb000b31ccb@1200x800_0xac120003_4751814121615820296.jpg\" style=\"object-position:41% 58%\" data-object-fit=\"cover\" data-object-position=\"41% 58%\" srcset=\"https:\/\/com-exp.com\/wp-content\/uploads\/2023\/03\/1000x600_21_a53204f09cc8255083a4cfb000b31ccb@1200x800_0xac120003_4751814121615820296.jpg 1000w, https:\/\/com-exp.com\/wp-content\/uploads\/2023\/03\/1000x600_21_a53204f09cc8255083a4cfb000b31ccb@1200x800_0xac120003_4751814121615820296-300x180.jpg 300w, https:\/\/com-exp.com\/wp-content\/uploads\/2023\/03\/1000x600_21_a53204f09cc8255083a4cfb000b31ccb@1200x800_0xac120003_4751814121615820296-768x461.jpg 768w\" sizes=\"auto, (max-width: 1000px) 100vw, 1000px\" \/><div class=\"wp-block-cover__inner-container is-layout-flow wp-block-cover-is-layout-flow\">\n<div style=\"height:30px\" aria-hidden=\"true\" class=\"wp-block-spacer\"><\/div>\n\n\n<div class=\"aligncenter is-style-default wp-block-site-logo\"><a href=\"https:\/\/com-exp.com\/\" class=\"custom-logo-link\" rel=\"home\"><img loading=\"lazy\" decoding=\"async\" width=\"510\" height=\"86\" src=\"https:\/\/com-exp.com\/wp-content\/uploads\/2023\/03\/Company-Express-logo-white-colored.png\" class=\"custom-logo\" alt=\"Company Express\" srcset=\"https:\/\/com-exp.com\/wp-content\/uploads\/2023\/03\/Company-Express-logo-white-colored.png 1417w, https:\/\/com-exp.com\/wp-content\/uploads\/2023\/03\/Company-Express-logo-white-colored-300x51.png 300w, https:\/\/com-exp.com\/wp-content\/uploads\/2023\/03\/Company-Express-logo-white-colored-1024x173.png 1024w, https:\/\/com-exp.com\/wp-content\/uploads\/2023\/03\/Company-Express-logo-white-colored-768x130.png 768w\" sizes=\"auto, (max-width: 510px) 100vw, 510px\" \/><\/a><\/div>\n\n\n<div style=\"height:56px\" aria-hidden=\"true\" class=\"wp-block-spacer\"><\/div>\n\n\n\n<div style=\"height:19px\" aria-hidden=\"true\" class=\"wp-block-spacer\"><\/div>\n\n\n\n<div class=\"wp-block-group alignwide is-vertical is-content-justification-right is-layout-flex wp-container-core-group-is-layout-b6c475e2 wp-block-group-is-layout-flex\">\n<div class=\"wp-block-group is-vertical is-content-justification-right is-layout-flex wp-container-core-group-is-layout-b6c475e2 wp-block-group-is-layout-flex\">\n<div class=\"wp-block-group is-vertical is-layout-flex wp-container-core-group-is-layout-8cf370e7 wp-block-group-is-layout-flex\">\n<div class=\"wp-block-group is-vertical is-content-justification-right is-layout-flex wp-container-core-group-is-layout-b6c475e2 wp-block-group-is-layout-flex\">\n<div class=\"wp-block-group has-small-font-size is-vertical is-content-justification-right is-nowrap is-layout-flex wp-container-core-group-is-layout-2d5bef97 wp-block-group-is-layout-flex\">\n<div class=\"wp-block-group is-vertical is-content-justification-right is-layout-flex wp-container-core-group-is-layout-b6c475e2 wp-block-group-is-layout-flex\">\n<p class=\"has-text-align-right has-nv-site-bg-color has-text-color\" style=\"font-size:21px\"><strong>Other offices of Company Express Group<\/strong><\/p>\n<\/div>\n<\/div>\n<\/div>\n<\/div>\n<\/div>\n<\/div>\n\n\n\n<div style=\"height:20px\" aria-hidden=\"true\" class=\"wp-block-spacer\"><\/div>\n\n\n\n<div class=\"wp-block-buttons alignwide is-content-justification-right is-layout-flex wp-container-core-buttons-is-layout-cd3a4f17 wp-block-buttons-is-layout-flex\">\n<div class=\"wp-block-button has-custom-width wp-block-button__width-25 alignright\"><a class=\"wp-block-button__link has-nv-text-dark-bg-color has-text-color has-background wp-element-button\" href=\"https:\/\/com-exp.com\/index.php\/usa\/\" style=\"background-color:#5e0501\">USA<\/a><\/div>\n<\/div>\n\n\n\n<div style=\"height:30px\" aria-hidden=\"true\" class=\"wp-block-spacer\"><\/div>\n\n\n\n<div class=\"wp-block-buttons alignwide is-content-justification-right is-layout-flex wp-container-core-buttons-is-layout-765c4724 wp-block-buttons-is-layout-flex\">\n<div class=\"wp-block-button has-custom-width wp-block-button__width-25\"><a class=\"wp-block-button__link has-nv-text-dark-bg-color has-text-color has-background wp-element-button\" href=\"https:\/\/com-exp.com\/index.php\/lithuania\/uk\/\" style=\"background-color:#5e0501\">UK<\/a><\/div>\n<\/div>\n\n\n\n<div style=\"height:30px\" aria-hidden=\"true\" class=\"wp-block-spacer\"><\/div>\n<\/div><\/div>\n\n\n\n<div class=\"wp-block-group\"><div class=\"wp-block-group__inner-container is-layout-constrained wp-block-group-is-layout-constrained\">\n<p><\/p>\n\n\n\n<p class=\"has-text-align-left\" style=\"font-size:18px\"><strong>Company Express Group si\u016blo verslo paslaugas visame pasaulyje, \u012fskaitant Europ\u0105.<\/strong><\/p>\n\n\n\n<p class=\"has-text-align-left\">Pasaulin\u0117 \u012fmoni\u0173 prie\u017ei\u016bra yra Company Express grup\u0117s kompetencijos sritis daugiau nei 30 met\u0173. Mes \u017einome visk\u0105, k\u0105 reikia \u017einoti apie \u012fmoni\u0173 prie\u017ei\u016br\u0105 visame pasaulyje ir esame pasireng\u0119 pasidalinti \u012fgytomis \u017einiomis apie \u012fmoni\u0173 privalumus, detales, nuosavyb\u0119 ir veikl\u0105. Yra daugyb\u0117 prie\u017eas\u010di\u0173, kod\u0117l klientai renkasi Company Express Group.<\/p>\n\n\n\n<ul class=\"wp-block-list\">\n<li>Globalumas <br>Company Express Group ofisai i\u0161sid\u0117st\u0119 trijose valstyb\u0117se dviejuose kontinentuose.<\/li>\n\n\n\n<li>Konkurencingos kainos<br>Daugel\u012f met\u0173 besit\u0119sian\u010dios verslo partneryst\u0117s jurisdikcijose visame pasaulyje leid\u017eia Company Express Group pasi\u016blyti savo klientams konkurencingas kainas.<\/li>\n\n\n\n<li>Paslaugos teikiamos nuo 1984 m.<br>Company Express London ofisas si\u016blos \u012fmoni\u0173 prie\u017ei\u016bros paslaugas nuo 1984 m.<\/li>\n\n\n\n<li>Licencijuotas agentas Londone<br>Company Express (UK) Limited turi HMRC licencij\u0105 pri\u017ei\u016br\u0117ti \u012fmones JK ir teikti joms agento paslaugas.<\/li>\n\n\n\n<li>Profesionali komanda<br>Company Express Group biuruose Londone, Vilniuje ir JAV dirba daugyb\u0117 profesional\u0173, turin\u010di\u0173 ilgamet\u0119 \u012fmoni\u0173 prie\u017ei\u016bros patirt\u012f.<\/li>\n\n\n\n<li>Individualizuotas po\u017ei\u016bris<br>\u012e klient\u0173 problemas, pageidavimus ir pra\u0161ymus atsi\u017evelgiama itin kruop\u0161\u010diai. Mes stengiam\u0117s pasi\u016bluyti individualius sprendimus kiekvienu atveju.<\/li>\n<\/ul>\n<\/div><\/div>\n\n\n\n<div class=\"wp-block-buttons is-layout-flex wp-block-buttons-is-layout-flex\">\n<div class=\"wp-block-button\"><a class=\"wp-block-button__link has-background wp-element-button\" href=\"http:\/\/com-exp.com\/index.php\/contacts\/\" style=\"background-color:#5e0501\">Susisiekite su mumis<\/a><\/div>\n<\/div>\n\n\n\n<div style=\"height:30px\" aria-hidden=\"true\" class=\"wp-block-spacer\"><\/div>\n","protected":false},"excerpt":{"rendered":"<p>Company Express Group si\u016blo verslo paslaugas visame pasaulyje, \u012fskaitant Europ\u0105. Pasaulin\u0117 \u012fmoni\u0173 prie\u017ei\u016bra yra Company Express grup\u0117s kompetencijos sritis daugiau nei 30 met\u0173. Mes \u017einome visk\u0105, k\u0105 reikia \u017einoti apie \u012fmoni\u0173 prie\u017ei\u016br\u0105 visame pasaulyje ir esame pasireng\u0119 pasidalinti \u012fgytomis \u017einiomis apie \u012fmoni\u0173 privalumus, detales, nuosavyb\u0119 ir veikl\u0105. Yra daugyb\u0117 prie\u017eas\u010di\u0173, kod\u0117l klientai renkasi Company Express&hellip;&nbsp;<a href=\"https:\/\/com-exp.com\/index.php\/lithuania\/\" class=\"\" rel=\"bookmark\">Read More &raquo;<span class=\"screen-reader-text\">Lithuania<\/span><\/a><\/p>\n","protected":false},"author":1,"featured_media":0,"parent":0,"menu_order":0,"comment_status":"closed","ping_status":"closed","template":"","meta":{"neve_meta_sidebar":"","neve_meta_container":"contained","neve_meta_enable_content_width":"off","neve_meta_content_width":100,"neve_meta_title_alignment":"left","neve_meta_author_avatar":"","neve_post_elements_order":"","neve_meta_disable_header":"on","neve_meta_disable_footer":"on","neve_meta_disable_title":"on","footnotes":""},"class_list":["post-13","page","type-page","status-publish","hentry"],"_links":{"self":[{"href":"https:\/\/com-exp.com\/index.php\/wp-json\/wp\/v2\/pages\/13","targetHints":{"allow":["GET"]}}],"collection":[{"href":"https:\/\/com-exp.com\/index.php\/wp-json\/wp\/v2\/pages"}],"about":[{"href":"https:\/\/com-exp.com\/index.php\/wp-json\/wp\/v2\/types\/page"}],"author":[{"embeddable":true,"href":"https:\/\/com-exp.com\/index.php\/wp-json\/wp\/v2\/users\/1"}],"replies":[{"embeddable":true,"href":"https:\/\/com-exp.com\/index.php\/wp-json\/wp\/v2\/comments?post=13"}],"version-history":[{"count":71,"href":"https:\/\/com-exp.com\/index.php\/wp-json\/wp\/v2\/pages\/13\/revisions"}],"predecessor-version":[{"id":564,"href":"https:\/\/com-exp.com\/index.php\/wp-json\/wp\/v2\/pages\/13\/revisions\/564"}],"wp:attachment":[{"href":"https:\/\/com-exp.com\/index.php\/wp-json\/wp\/v2\/media?parent=13"}],"curies":[{"name":"wp","href":"https:\/\/api.w.org\/{rel}","templated":true}]}}